sands digit of 25726624?
6
What is the tens digit of 449257146?
4
What is the hundred thousands digit of 45479688?
4
What is the hundreds digit of 3686435211?
2
What is the ten millions digit of 2247315853?
4
What is the millions digit of 259082301?
9
What is the hundreds digit of 1120172969?
9
What is the ten millions digit of 556666880?
5
What is the ten millions digit of 65027955?
6
What is the hundred millions digit of 106773418?
1
What is the hundred thousands digit of 421637013?
6
What is the ten thousands digit of 37471625?
7
What is the millions digit of 178027698?
8
What is the hundreds digit of 6816041795?
7
What is the hundred thousands digit of 214345212?
3
What is the millions digit of 380046836?
0
What is the tens digit of 370729059?
5
What is the hundred millions digit of 561161723?
5
What is the tens digit of 2361494218?
1
What is the units digit of 136647908?
8
What is the thousands digit of 163635652?
5
What is the tens digit of 69153870?
7
What is the hundred thousands digit of 6629354799?
3
What is the hundreds digit of 113592980?
9
What is the hundred millions digit of 127256516?
1
What is the units digit of 195944245?
5
What is the units digit of 58433706?
6
What is the thousands digit of 384844353?
4
What is the billions digit of 5102620810?
5
What is the thousands digit of 1112582013?
2
What is the hundred thousands digit of 4794283989?
2
What is the tens digit of 27356070?
7
What is the ten millions digit of 299657859?
9
What is the ten millions digit of 279422626?
7
What is the ten millions digit of 5527553078?
2
What is the ten thousands digit of 365129070?
2
What is the billions digit of 2796627564?
2
What is the billions digit of 6839247550?
6
What is the thousands digit of 224904049?
4
What is the hundred thousands digit of 76198185?
1
What is the thousands digit of 6732863?
2
What is the millions digit of 41710446?
1
What is the hundred thousands digit of 650122498?
1
What is the hundred thousands digit of 11329147?
3
What is the units digit of 2488886?
6
What is the hundreds digit of 120692868?
8
What is the units digit of 664504?
4
What is the ten millions digit of 5908950061?
0
What is the hundred millions digit of 500107327?
5
What is the ten millions digit of 23339238?
2
What is the ten thousands digit of 1188886419?
8
What is the billions digit of 1551131726?
1
What is the hundreds digit of 2218203745?
7
What is the hundred millions digit of 2145156214?
1
What is the units digit of 60306980?
0
What is the ten millions digit of 668465079?
6
What is the millions digit of 416531744?
6
What is the thousands digit of 137217835?
7
What is the hundreds digit of 116157493?
4
What is the hundred thousands digit of 17056273?
0
What is the millions digit of 32029709?
2
What is the thousands digit of 128896160?
6
What is the ten thousands digit of 194037093?
3
What is the tens digit of 211030711?
1
What is the thousands digit of 1224398174?
8
What is the tens digit of 14316216?
1
What is the hundred thousands digit of 650985326?
9
What is the hundred millions digit of 581373440?
5
What is the hundred thousands digit of 5965474059?
4
What is the ten thousands digit of 397906402?
0
What is the ten thousands digit of 4407184027?
8
What is the hundred millions digit of 1541888823?
5
What is the units digit of 47674149?
9
What is the hundred thousands digit of 728468453?
4
What is the thousands digit of 1747604886?
4
What is the ten thousands digit of 3481802?
8
What is the ten millions digit of 33538162?
3
What is the ten thousands digit of 979286949?
8
What is the hundred thousands digit of 26933930?
9
What is the millions digit of 644346413?
4
What is the ten thousands digit of 31828291?
2
What is the hundred millions digit of 1458666845?
4
What is the thousands digit of 127087049?
7
What is the ten thousands digit of 63623320?
2
What is the thousands digit of 51995722?
5
What is the thousands digit of 6719956326?
6
What is the tens digit of 304967473?
7
What is the hundred millions digit of 1202458633?
2
What is the thousands digit of 151936907?
6
What is the ten thousands digit of 28250783?
5
What is the thousands digit of 44394422?
4
What is the tens digit of 592395279?
7
What is the ten thousands digit of 301675227?
7
What is the millions digit of 632242384?
2
What is the hundreds digit of 53254302?
3
What is the hundred thousands digit of 84040631?
0
What is the hundred thousands digit of 1683185229?
1
What is the hundred thousands digit of 26596881?
5
What is the tens digit of 3661314766?
6
What is the ten millions digit of 344261223?
4
What is the hundreds digit of 5087300980?
9
What is the hundreds digit of 358383576?
5
What is the thousands digit of 1156071397?
1
What is the thousands digit of 8664958?
4
What is the billions digit of 2512920705?
2
What is the thousands digit of 1550100035?
0
What is the ten millions digit of 1022506572?
2
What is the units digit of 190828607?
7
What is the units digit of 144308829?
9
What is the hundred millions digit of 599179047?
5
What is the ten millions digit of 501756935?
0
What is the hundreds digit of 1019748224?
2
What is the tens digit of 164666873?
7
What is the ten thousands digit of 273100908?
0
What is the ten millions digit of 1346904015?
4
What is the hundred millions digit of 2612655929?
6
What is the billions digit of 1874858627?
1
What is the hundreds digit of 3019039382?
3
What is the units digit of 1625712972?
2
What is the millions digit of 1543278712?
3
What is the ten thousands digit of 39289122?
8
What is the hundred millions digit of 303445381?
3
What is the ten millions digit of 105107025?
0
What is the ten thousands digit of 3120149103?
4
What is the units digit of 600953061?
1
What is the hundreds digit of 2820572?
5
What is the thousands digit of 28758566?
8
What is the hundred thousands digit of 208243557?
2
What is the millions digit of 68511384?
8
What is the units digit of 1497954412?
2
What is the millions digit of 3993919?
3
What is the ten thousands digit of 19109488?
0
What is the units digit of 638355222?
2
What is the hundreds digit of 4488732973?
9
What is the tens digit of 379677980?
8
What is the tens digit of 147040618?
1
What is the hundreds digit of 1484258177?
1
What is the ten thousands digit of 71647951?
4
What is the ten millions digit of 674834596?
7
What is the hundred thousands digit of 39994636?
9
What is the units digit of 62842091?
1
What is the units digit of 8283479?
9
What is the ten thousands digit of 23919362?
1
What is the millions digit of 5788887274?
8
What is the hundreds digit of 478302893?
8
What is the hundred thousands digit of 692534226?
5
What is the ten thousands digit of 65806131?
0
What is the hundreds digit of 257979385?
3
What is the ten millions digit of 2645901605?
4
What is the ten thousands digit of 485247021?
4
What is the thousands digit of 79161618?
1
What is the hundred thousands digit of 60397366?
3
What is the thousands digit of 779932418?
2
What is the ten thousands digit of 250704348?
0
What is the ten millions digit of 434206427?
3
What is the millions digit of 344094091?
4
What is the hundred thousands digit of 10954047?
9
What is the hundreds digit of 18907895?
8
What is the ten millions digit of 655743561?
5
What is the units digit of 2499110286?
6
What is the hundred thousands digit of 88426202?
4
What is the units digit of 153237125?
5
What is the millions digit of 4086621959?
6
What is the hundreds digit of 11401304?
3
What is the millions digit of 39908229?
9
What is the units digit of 53497415?
5
What is the hundreds digit of 9545272?
2
What is the hundreds digit of 58087595?
5
What is the millions digit of 873851236?
3
What is the thousands digit of 4235783?
5
What is the hundreds digit of 25547328?
3
What is the units digit of 174654153?
3
What is the hundred thousands digit of 44924376?
9
What is the hundred thousands digit of 97757870?
7
What is the ten thousands digit of 465767224?
6
What is the units digit of 1800727842?
2
What is the hundred thousands digit of 1224781104?
7
What is the ten millions digit of 2203799634?
0
What is the hundred millions digit of 385282195?
3
What is the hundreds digit of 781043831?
8
What is the hundreds digit of 2329232316?
3
What is the mil